{"id":11,"date":"2021-07-02T17:05:59","date_gmt":"2021-07-02T16:05:59","guid":{"rendered":"https:\/\/chantier.cepbw.org\/?page_id=11"},"modified":"2025-08-19T14:59:36","modified_gmt":"2025-08-19T13:59:36","slug":"notre-histoire","status":"publish","type":"page","link":"https:\/\/chantier.cepbw.org\/index.php\/notre-histoire\/","title":{"rendered":"Quelques \u00e9l\u00e9ments historiques"},"content":{"rendered":"\n<p>La Coordination \u00c9ducation permanente Brabant wallon a \u00e9t\u00e9 cr\u00e9\u00e9e en 1994. Aujourd\u2019hui, elle rassemble <a href=\"https:\/\/chantier.cepbw.org\/index.php\/membres\/\" data-type=\"page\" data-id=\"144\">23 associations actives<\/a> sur le territoire du Brabant wallon. Cette initiative de \u00ab&nbsp;f\u00e9d\u00e9ration&nbsp;\u00bb de l\u2019\u00e9ducation permanente (avec sa diversit\u00e9 philosophique et id\u00e9ologique) sur une province est unique en Belgique francophone. C\u2019est le Centre culturel du Brabant wallon (<a href=\"http:\/\/www.ccbw.be\">CCBW<\/a>) qui en assure l\u2019animation.<\/p>\n\n\n\n<p>Les missions que les membres ont confi\u00e9es \u00e0 cette coordination sont&nbsp;:<\/p>\n\n\n\n<ul class=\"wp-block-list\">\n<li>Lieu de rencontre et d\u2019\u00e9change d\u2019informations entre les organismes d\u2019\u00c9ducation permanente du Brabant wallon<\/li>\n\n\n\n<li>Prise de positions communes<\/li>\n\n\n\n<li>Actions communes<\/li>\n<\/ul>\n\n\n\n<p>Cr\u00e9\u00e9e \u00e0 l\u2019origine pour lutter contre la mont\u00e9e de l\u2019extr\u00eame droite dans la \u00ab\u00a0Jeune Province\u00a0\u00bb, elle d\u00e9veloppe des projets autour des cit\u00e9s jusqu\u2019en 2000.<\/p>\n\n\n\n<p>\u00c0 partir de 2004, la Coordination a men\u00e9 des projets communs et concert\u00e9s qui portaient sur l\u2019acc\u00e8s au logement pour toustes en Brabant\u00a0; sujet consid\u00e9r\u00e9 comme le plus important facteur d\u2019exclusion et de fracture sociale en BW.<\/p>\n\n\n\n<p>\u00ab\u00a0L\u2019habiter\u00a0\u00bb reste encore aujourd\u2019hui une pr\u00e9occupation centrale. La Coordination \u00c9ducation permanente Brabant wallon a cr\u00e9\u00e9 en 2012 le <a href=\"https:\/\/rbdl.be\/\" data-type=\"link\" data-id=\"https:\/\/rbdl.be\/\">R\u00e9seau braban\u00e7on pour le droit au logement (RBDL)<\/a> avec qui elle entretient des relations particuli\u00e8rement proches et \u00e9troites. Le RBDL est particuli\u00e8rement actif sur le sujet de l\u2019habitation l\u00e9g\u00e8re pour lequel il a largement contribu\u00e9 \u00e0 la reconnaissance l\u00e9gale, en 2019, de l\u2019habitat l\u00e9ger au sein du Code wallon de l\u2019habitation durable. Le RBDL agit \u00e9galement sur les questions de logement public et singuli\u00e8rement de la participation des habitant\u00b7e\u00b7s au sein de celui-ci\u00a0; et aussi sur d\u2019autres th\u00e9matiques diverses.<\/p>\n\n\n\n<p>La Coordination \u00e9ducation permanente a agi r\u00e9guli\u00e8rement sur la th\u00e9matique de la d\u00e9mocratie et de la participation citoyenne avec, entre autres&nbsp;:<\/p>\n\n\n\n<ul class=\"wp-block-list\">\n<li>De 2006 \u00e0 2012, l\u2019op\u00e9ration \u00ab&nbsp;<em>Ton pouvoir c\u2019est ta voix&nbsp;<\/em>\u00bb (d\u2019abord en collaboration avec les centres culturels locaux du Brabant wallon, puis en collaboration avec de nombreuses associations d\u2019\u00e9ducation permanente), qui visait \u00e0 sensibiliser les jeunes et primo votants \u00e0 l\u2019importance de l\u2019acte de voter. Ceci notamment par la commande et la diffusion du spectacle \u00ab&nbsp;Effet de Serck&nbsp;\u00bb.<\/li>\n\n\n\n<li>La sensibilisation aux enjeux europ\u00e9ens pour les \u00e9lections de 2014.<\/li>\n\n\n\n<li>En 2018\u00a0: La campagne \u00ab\u00a0<em>Enragez-vous, engagez-vous et puis votons<\/em>\u00a0\u00bb, vaste op\u00e9ration de consultation des braban\u00e7on\u00b7ne\u00b7s quant aux d\u00e9fis et merveilles qu\u2019iels percevaient dans leur commune. Cette campagne a \u00e9t\u00e9 men\u00e9e dans chacune des 27 communes de la Province.<\/li>\n<\/ul>\n\n\n\n<p>La Coordination a \u00e9galement organis\u00e9 en 2017 la journ\u00e9e \u00ab&nbsp;<em>Semons des possibles<\/em>&nbsp;\u00bb \u00e0 Louvain-la-Neuve, premi\u00e8re initiative de mise en \u00e9vidence des initiatives et enjeux de la transition \u00e9cologique et sociale \u00e0 l\u2019\u00e9chelle de la province.<\/p>\n\n\n\n<p>Aujourd\u2019hui, elle s\u2019att\u00e8le \u00e0 augmenter la visibilit\u00e9 des actions d\u2019\u00e9ducation permanente en Brabant wallon et explore de nouveaux axes d\u2019action. <\/p>\n\n\n\n<p>Soulignons enfin que, depuis une vingtaine d\u2019ann\u00e9es, la Coordination centralise, pour ses membres, les questions, enjeux, et d\u00e9marches relatifs \u00e0 la subvention de l\u2019\u00e9ducation permanente par la province du Brabant wallon. Sujet qui, au cours de ces deux derni\u00e8res d\u00e9cennies, a connu maints soubresauts et modification de dispositifs.<\/p>\n","protected":false},"excerpt":{"rendered":"<p>La Coordination \u00c9ducation permanente Brabant wallon a \u00e9t\u00e9 cr\u00e9\u00e9e en 1994. Aujourd\u2019hui, elle rassemble 23 associations actives sur le territoire du Brabant wallon. Cette initiative de \u00ab&nbsp;f\u00e9d\u00e9ration&nbsp;\u00bb de l\u2019\u00e9ducation permanente (avec sa diversit\u00e9 philosophique et id\u00e9ologique) sur une province est unique en Belgique francophone. C\u2019est le Centre culturel du Brabant wallon (CCBW) qui en assure&hellip;&nbsp;<a href=\"https:\/\/chantier.cepbw.org\/index.php\/notre-histoire\/\" rel=\"bookmark\">Lire la suite &raquo;<span class=\"screen-reader-text\">Quelques \u00e9l\u00e9ments historiques<\/span><\/a><\/p>\n","protected":false},"author":1,"featured_media":0,"parent":0,"menu_order":0,"comment_status":"closed","ping_status":"closed","template":"","meta":{"inline_featured_image":false,"advgb_blocks_editor_width":"","advgb_blocks_columns_visual_guide":"","neve_meta_sidebar":"full-width","neve_meta_container":"","neve_meta_enable_content_width":"on","neve_meta_content_width":100,"neve_meta_title_alignment":"","neve_meta_author_avatar":"","neve_post_elements_order":"","neve_meta_disable_header":"","neve_meta_disable_footer":"","neve_meta_disable_title":"","_themeisle_gutenberg_block_has_review":false,"footnotes":""},"class_list":["post-11","page","type-page","status-publish","hentry"],"coauthors":[],"author_meta":{"author_link":"https:\/\/chantier.cepbw.org\/index.php\/author\/agnez\/","display_name":"agnez"},"relative_dates":{"created":"Publi\u00e9 5 ans il y a","modified":"Mis \u00e0 jour 8 mois il y a"},"absolute_dates":{"created":"Publi\u00e9 le 2 juillet 2021","modified":"Mise \u00e0 jour le 19 ao\u00fbt 2025"},"absolute_dates_time":{"created":"Publi\u00e9 le 2 juillet 2021 17h05","modified":"Mise \u00e0 jour le 19 ao\u00fbt 2025 14h59"},"featured_img_caption":"","featured_img":false,"series_order":"","_links":{"self":[{"href":"https:\/\/chantier.cepbw.org\/index.php\/wp-json\/wp\/v2\/pages\/11","targetHints":{"allow":["GET"]}}],"collection":[{"href":"https:\/\/chantier.cepbw.org\/index.php\/wp-json\/wp\/v2\/pages"}],"about":[{"href":"https:\/\/chantier.cepbw.org\/index.php\/wp-json\/wp\/v2\/types\/page"}],"author":[{"embeddable":true,"href":"https:\/\/chantier.cepbw.org\/index.php\/wp-json\/wp\/v2\/users\/1"}],"replies":[{"embeddable":true,"href":"https:\/\/chantier.cepbw.org\/index.php\/wp-json\/wp\/v2\/comments?post=11"}],"version-history":[{"count":5,"href":"https:\/\/chantier.cepbw.org\/index.php\/wp-json\/wp\/v2\/pages\/11\/revisions"}],"predecessor-version":[{"id":758,"href":"https:\/\/chantier.cepbw.org\/index.php\/wp-json\/wp\/v2\/pages\/11\/revisions\/758"}],"wp:attachment":[{"href":"https:\/\/chantier.cepbw.org\/index.php\/wp-json\/wp\/v2\/media?parent=11"}],"curies":[{"name":"wp","href":"https:\/\/api.w.org\/{rel}","templated":true}]}}